{"id":16244,"date":"2014-04-14T08:12:33","date_gmt":"2014-04-14T08:12:33","guid":{"rendered":"http:\/\/demo.select-themes.com\/nouveau\/?page_id=16244"},"modified":"2014-04-14T08:12:33","modified_gmt":"2014-04-14T08:12:33","slug":"home-8-color","status":"publish","type":"page","link":"https:\/\/www.multiservicios.com.ar\/index.php\/home-8-color\/","title":{"rendered":"Home 8 \/ Color"},"content":{"rendered":"<div  data-q_id=\"#about_us\"  data-q_title=\"ABOUT US\"  class=\"vc_row wpb_row section vc_row-fluid grid_section\" style='background-color:#ffffff; padding-top:100px; text-align:left;'><div class=\" section_inner clearfix\"><div class='section_inner_margin clearfix'>\n\t<div class=\"vc_col-sm-3 wpb_column vc_column_container\">\n\t\t<div class=\"wpb_wrapper\">\n\t\t\t<div class='q_icon_with_title medium circle with_border_line center'><div class=\"icon_holder \" style=\"margin: 0px 0px 27px; \"><span class=\"fa-stack fa-3x  custom-font\" style=\"font-size: 38px;border: 1px solid #080808;background-color: #080808;\"><i class=\"fa fa-tablet fa-stack-1x\" style=\"color: #ffffff;\"><\/i><\/span><\/div><div class=\"icon_text_holder\"><div class=\"icon_text_inner\" style=\"\"><h4 class=\"icon_title\" style=\"\">Retina Ready Graphics<\/h4><p style=''>Ut wisi enim ad minim veniam, quis nostrud exerci tation ullamcorper suscipit lobortis nisl ut aliquip ex ea commodo consequat.<\/p><\/div><\/div><\/div><div class=\"separator  transparent center  \" style=\"margin-top:77px;margin-bottom:0px;\"><\/div>\n\n\t\t<\/div> \n\t<\/div> \n\n\t<div class=\"vc_col-sm-3 wpb_column vc_column_container\">\n\t\t<div class=\"wpb_wrapper\">\n\t\t\t<div class='q_icon_with_title medium circle with_border_line center'><div class=\"icon_holder \" style=\"margin: 0px 0px 27px; \"><span class=\"fa-stack fa-3x  custom-font\" style=\"font-size: 38px;border: 1px solid #080808;background-color: #080808;\"><i class=\"fa fa-plane fa-stack-1x\" style=\"color: #ffffff;\"><\/i><\/span><\/div><div class=\"icon_text_holder\"><div class=\"icon_text_inner\" style=\"\"><h4 class=\"icon_title\" style=\"\">Visual Page Builder<\/h4><p style=''>Ut wisi enim ad minim veniam, quis nostrud exerci tation ullamcorper suscipit lobortis nisl ut aliquip ex ea commodo consequat.<\/p><\/div><\/div><\/div><div class=\"separator  transparent center  \" style=\"margin-top:77px;margin-bottom:0px;\"><\/div>\n\n\t\t<\/div> \n\t<\/div> \n\n\t<div class=\"vc_col-sm-3 wpb_column vc_column_container\">\n\t\t<div class=\"wpb_wrapper\">\n\t\t\t<div class='q_icon_with_title medium circle with_border_line center'><div class=\"icon_holder \" style=\"margin: 0px 0px 27px; \"><span class=\"fa-stack fa-3x  custom-font\" style=\"font-size: 38px;border: 1px solid #080808;background-color: #080808;\"><i class=\"fa fa-eye fa-stack-1x\" style=\"color: #ffffff;\"><\/i><\/span><\/div><div class=\"icon_text_holder\"><div class=\"icon_text_inner\" style=\"\"><h4 class=\"icon_title\" style=\"\">Fully Responsive Layout<\/h4><p style=''>Ut wisi enim ad minim veniam, quis nostrud exerci tation ullamcorper suscipit lobortis nisl ut aliquip ex ea commodo consequat.<\/p><\/div><\/div><\/div><div class=\"separator  transparent center  \" style=\"margin-top:77px;margin-bottom:0px;\"><\/div>\n\n\t\t<\/div> \n\t<\/div> \n\n\t<div class=\"vc_col-sm-3 wpb_column vc_column_container\">\n\t\t<div class=\"wpb_wrapper\">\n\t\t\t<div class='q_icon_with_title medium circle with_border_line center'><div class=\"icon_holder \" style=\"margin: 0px 0px 27px; \"><span class=\"fa-stack fa-3x  custom-font\" style=\"font-size: 38px;border: 1px solid #080808;background-color: #080808;\"><i class=\"fa fa-clock-o fa-stack-1x\" style=\"color: #ffffff;\"><\/i><\/span><\/div><div class=\"icon_text_holder\"><div class=\"icon_text_inner\" style=\"\"><h4 class=\"icon_title\" style=\"\">AJAX Transitions<\/h4><p style=''>Ut wisi enim ad minim veniam, quis nostrud exerci tation ullamcorper suscipit lobortis nisl ut aliquip ex ea commodo consequat.<\/p><\/div><\/div><\/div><div class=\"separator  transparent center  \" style=\"margin-top:77px;margin-bottom:0px;\"><\/div>\n\n\t\t<\/div> \n\t<\/div> \n<\/div><\/div><\/div><section  data-q_id=\"#parallax\"  data-q_title=\"PARALLAX\"  data-speed=\"1\" class=\"parallax_section_holder  in_content_menu\" style = \" height:651px; background-image:url('https:\/\/www.multiservicios.com.ar\/wp-content\/uploads\/2014\/04\/parallax02.jpg');\"><div class=\"parallax_content left\"><div class='parallax_section_inner_margin clearfix'>\n\t<div class=\"vc_col-sm-12 wpb_column vc_column_container\">\n\t\t<div class=\"wpb_wrapper\">\n\t\t\t<div class=\"separator  transparent center  \" style=\"margin-top:122px;margin-bottom:0px;\"><\/div>\n\n\t<div class=\"wpb_text_column wpb_content_element \">\n\t\t<div class=\"wpb_wrapper\">\n\t\t\t<h5 style=\"text-align: center;\"><span style=\"color: #ffffff;\">PORTFOLIO<\/span><\/h5>\n\n\t\t<\/div> \n\t<\/div> <div class=\"separator  transparent center  \" style=\"margin-top:15px;margin-bottom:0px;\"><\/div>\n\n\t<div class=\"wpb_text_column wpb_content_element \">\n\t\t<div class=\"wpb_wrapper\">\n\t\t\t<h2 style=\"text-align: center;\"><span style=\"color: #ffffff;\">Retina Portfolio Theme<\/span><\/h2>\n\n\t\t<\/div> \n\t<\/div> <div class=\"separator  small center  \" style=\"margin-top:30px;margin-bottom:72px;background: -moz-linear-gradient(left, rgba(255,255,255,0) 13%, rgba(255,255,255,0.6) 50%, rgba(255,255,255,0) 87%);background: -webkit-gradient(linear, left top, right top, color-stop(13%,rgba(255,255,255,0)), color-stop(50%,rgba(255,255,255,0.6)), color-stop(87%,rgba(255,255,255,0)));background: -webkit-linear-gradient(left, rgba(255,255,255,0) 13%,rgba(255,255,255,0.6) 50%,rgba(255,255,255,0) 87%);background: -o-linear-gradient(left, rgba(255,255,255,0) 13%,rgba(255,255,255,0.6) 50%,rgba(255,255,255,0) 87%);background: -ms-linear-gradient(left, rgba(255,255,255,0) 13%,rgba(255,255,255,0.6) 50%,rgba(255,255,255,0) 87%);background: linear-gradient(to right, rgba(255,255,255,0) 13%,rgba(255,255,255,0.6) 50%,rgba(255,255,255,0) 87%);width:26%;\"><\/div>\n<div    class=\"vc_row wpb_row section vc_row-fluid\" style=' text-align:left;'><div class=\" full_section_inner clearfix\">\n\t<div class=\"vc_col-sm-4 wpb_column vc_column_container\">\n\t\t<div class=\"wpb_wrapper\">\n\t\t\t<div class='q_icon_with_title medium normal_icon with_border_line center top_title_over'><div class=\"icon_holder \" style=\" \"><span style=\"\" class=\"q_font_awsome_icon fa-3x \"><i class=\"fa fa-clock-o\" style=\"color: rgba(202,202,202,0.3)\"><\/i><\/span><\/div><div class=\"icon_text_holder\"><div class=\"icon_text_inner\" style=\"\"><h4 class=\"icon_title\" style=\"color: #ffffff\">Retina Ready Graphics<\/h4><p style='color: #ffffff'>A wonderful serenity has taken possession of my entire soul, like these sweet mornings.<\/p><a class='icon_with_title_link' href='#' target='_self' style='color: #ffffff;'>Read More<\/a><\/div><\/div><\/div><div class=\"separator  transparent center  \" style=\"margin-top:122px;margin-bottom:0px;\"><\/div>\n\n\t\t<\/div> \n\t<\/div> \n\n\t<div class=\"vc_col-sm-4 wpb_column vc_column_container\">\n\t\t<div class=\"wpb_wrapper\">\n\t\t\t<div class='q_icon_with_title medium normal_icon with_border_line center top_title_over'><div class=\"icon_holder \" style=\" \"><span style=\"\" class=\"q_font_awsome_icon fa-3x \"><i class=\"fa fa-laptop\" style=\"color: rgba(202,202,202,0.3)\"><\/i><\/span><\/div><div class=\"icon_text_holder\"><div class=\"icon_text_inner\" style=\"\"><h4 class=\"icon_title\" style=\"color: #ffffff\">Visual Page Builder<\/h4><p style='color: #ffffff'>A wonderful serenity has taken possession of my entire soul, like these sweet mornings.<\/p><a class='icon_with_title_link' href='#' target='_self' style='color: #ffffff;'>Read More<\/a><\/div><\/div><\/div><div class=\"separator  transparent center  \" style=\"margin-top:122px;margin-bottom:0px;\"><\/div>\n\n\t\t<\/div> \n\t<\/div> \n\n\t<div class=\"vc_col-sm-4 wpb_column vc_column_container\">\n\t\t<div class=\"wpb_wrapper\">\n\t\t\t<div class='q_icon_with_title medium normal_icon with_border_line center top_title_over'><div class=\"icon_holder \" style=\" \"><span style=\"\" class=\"q_font_awsome_icon fa-3x \"><i class=\"fa fa-shield\" style=\"color: rgba(202,202,202,0.3)\"><\/i><\/span><\/div><div class=\"icon_text_holder\"><div class=\"icon_text_inner\" style=\"\"><h4 class=\"icon_title\" style=\"color: #ffffff\">Amazing Parallax Sections<\/h4><p style='color: #ffffff'>A wonderful serenity has taken possession of my entire soul, like these sweet mornings.<\/p><a class='icon_with_title_link' href='#' target='_self' style='color: #ffffff;'>Read More<\/a><\/div><\/div><\/div><div class=\"separator  transparent center  \" style=\"margin-top:122px;margin-bottom:0px;\"><\/div>\n\n\t\t<\/div> \n\t<\/div> \n<\/div><\/div>\n\t\t<\/div> \n\t<\/div> \n<\/div><\/div><\/section><div    class=\"vc_row wpb_row section vc_row-fluid grid_section\" style='background-color:#f8f8f8; padding-top:74px; padding-bottom:2px; text-align:left;'><div class=\" section_inner clearfix\"><div class='section_inner_margin clearfix'>\n\t<div class=\"vc_col-sm-12 wpb_column vc_column_container\">\n\t\t<div class=\"wpb_wrapper\">\n\t\t\t\n\t<div class=\"wpb_text_column wpb_content_element \">\n\t\t<div class=\"wpb_wrapper\">\n\t\t\t<h5 style=\"text-align: center;\">FROM OUR BLOG<\/h5>\n\n\t\t<\/div> \n\t<\/div> <div class=\"separator  transparent center  \" style=\"margin-top:21px;margin-bottom:0px;\"><\/div>\n\n\t<div class=\"wpb_text_column wpb_content_element \">\n\t\t<div class=\"wpb_wrapper\">\n\t\t\t<h4 style=\"text-align: center;\">Duis autem vel eum iriure dolor in hendrerit in vulputate velit esse molestie consequat,<\/h4>\n<h4 style=\"text-align: center;\">vel illum dolore eu feugiat nulla facilisis at vero eros et accumsan et iusto<\/h4>\n\n\t\t<\/div> \n\t<\/div> \n\t\t<\/div> \n\t<\/div> \n<\/div><\/div><\/div><div    class=\"vc_row wpb_row section vc_row-fluid grid_section\" style='background-color:#f8f8f8; padding-top:66px; padding-bottom:59px; text-align:left;'><div class=\" section_inner clearfix\"><div class='section_inner_margin clearfix'>\n\t<div class=\"vc_col-sm-12 wpb_column vc_column_container\">\n\t\t<div class=\"wpb_wrapper\">\n\t\t\t<div class=\"separator  transparent center  \" style=\"margin-top:7px;margin-bottom:0px;\"><\/div>\n<div class='latest_post_holder boxes three_columns'><ul><li class=\"clearfix\" style=\"background-color: #ffffff;\"><div class=\"boxes_image\"><a href=\"https:\/\/www.multiservicios.com.ar\/index.php\/2013\/10\/04\/unlocking-brain-secrets\/\" target=\"_self\"><img loading=\"lazy\" decoding=\"async\" width=\"1200\" height=\"675\" src=\"https:\/\/www.multiservicios.com.ar\/wp-content\/uploads\/2013\/10\/b-inspired-by-italian-lifestyle.jpg\" class=\"attachment-latest_post_boxes size-latest_post_boxes wp-post-image\" alt=\"\" \/><\/a><\/div><div class=\"latest_post\"><div class=\"latest_post_text\"><div class=\"latest_post_inner\"><div class=\"latest_post_text_inner\"><h4 class=\"latest_post_title \"><a href=\"https:\/\/www.multiservicios.com.ar\/index.php\/2013\/10\/04\/unlocking-brain-secrets\/\" target=\"_self\">Unlocking Hidden Brain Secrets<\/a><\/h4><span class=\"post_info\"><span class=\"post_date\">04.10.2013<\/span><span class=\"post_category\">, <a href=\"https:\/\/www.multiservicios.com.ar\/index.php\/category\/sport\/\" target=\"_self\">Sport<\/a><\/span><\/span><p class=\"boxes_excerpt\">The term minimalism is also used to describe a trend in design and architecture where in the subject is reduced to its n...<\/p><span class=\"post_read_more\"><a href=\"https:\/\/www.multiservicios.com.ar\/index.php\/2013\/10\/04\/unlocking-brain-secrets\/\" target=\"_self\">Read More<\/a><\/span><\/div><\/div><\/div><\/div><li class=\"clearfix\" style=\"background-color: #ffffff;\"><div class=\"boxes_image\"><a href=\"https:\/\/www.multiservicios.com.ar\/index.php\/2013\/10\/04\/inteligent-transitions-in-ux-design\/\" target=\"_self\"><img loading=\"lazy\" decoding=\"async\" width=\"1200\" height=\"675\" src=\"https:\/\/www.multiservicios.com.ar\/wp-content\/uploads\/2013\/10\/b-inteligent-transitions-in-ux-design.jpg\" class=\"attachment-latest_post_boxes size-latest_post_boxes wp-post-image\" alt=\"qode interactive strata\" \/><\/a><\/div><div class=\"latest_post\"><div class=\"latest_post_text\"><div class=\"latest_post_inner\"><div class=\"latest_post_text_inner\"><h4 class=\"latest_post_title \"><a href=\"https:\/\/www.multiservicios.com.ar\/index.php\/2013\/10\/04\/inteligent-transitions-in-ux-design\/\" target=\"_self\">Transitions In UX Design<\/a><\/h4><span class=\"post_info\"><span class=\"post_date\">04.10.2013<\/span><span class=\"post_category\">, <a href=\"https:\/\/www.multiservicios.com.ar\/index.php\/category\/design\/\" target=\"_self\">Design<\/a><\/span><\/span><p class=\"boxes_excerpt\">The term minimalism is also used to describe a trend in design and architecture where in the subject is reduced to its n...<\/p><span class=\"post_read_more\"><a href=\"https:\/\/www.multiservicios.com.ar\/index.php\/2013\/10\/04\/inteligent-transitions-in-ux-design\/\" target=\"_self\">Read More<\/a><\/span><\/div><\/div><\/div><\/div><li class=\"clearfix\" style=\"background-color: #ffffff;\"><div class=\"boxes_image\"><a href=\"https:\/\/www.multiservicios.com.ar\/index.php\/2013\/10\/04\/supernatural-fx-showreel\/\" target=\"_self\"><img loading=\"lazy\" decoding=\"async\" width=\"1100\" height=\"619\" src=\"https:\/\/www.multiservicios.com.ar\/wp-content\/uploads\/2013\/10\/b-supernatural-fx-showreel.jpg\" class=\"attachment-latest_post_boxes size-latest_post_boxes wp-post-image\" alt=\"qode interactive strata\" \/><\/a><\/div><div class=\"latest_post\"><div class=\"latest_post_text\"><div class=\"latest_post_inner\"><div class=\"latest_post_text_inner\"><h4 class=\"latest_post_title \"><a href=\"https:\/\/www.multiservicios.com.ar\/index.php\/2013\/10\/04\/supernatural-fx-showreel\/\" target=\"_self\">Supernatural FX Showreel<\/a><\/h4><span class=\"post_info\"><span class=\"post_date\">04.10.2013<\/span><span class=\"post_category\">, <a href=\"https:\/\/www.multiservicios.com.ar\/index.php\/category\/art\/\" target=\"_self\">Art<\/a><\/span><\/span><p class=\"boxes_excerpt\">The term minimalism is also used to describe a trend in design and architecture where in the subject is reduced to its n...<\/p><span class=\"post_read_more\"><a href=\"https:\/\/www.multiservicios.com.ar\/index.php\/2013\/10\/04\/supernatural-fx-showreel\/\" target=\"_self\">Read More<\/a><\/span><\/div><\/div><\/div><\/div><\/ul><\/div>\n\t\t<\/div> \n\t<\/div> \n<\/div><\/div><\/div><section  data-q_id=\"#parallax\"  data-q_title=\"PARALLAX\"  data-speed=\"1\" class=\"parallax_section_holder  in_content_menu\" style = \" height:450px; background-image:url('https:\/\/www.multiservicios.com.ar\/wp-content\/uploads\/2014\/04\/parallax01.jpg');\"><div class=\"parallax_content left\"><div class='parallax_section_inner_margin clearfix'>\n\t<div class=\"vc_col-sm-12 wpb_column vc_column_container\">\n\t\t<div class=\"wpb_wrapper\">\n\t\t\t<div class=\"separator  transparent center  \" style=\"margin-top:110px;margin-bottom:0px;\"><\/div>\n<div class=\"q_counter_holder  center\" style=\"\"><div class=\"q_counter_inner\"><span class=\"counter  zero\" data-active_color=\"#ffffff\" style=\"\">2789<\/span><\/div><\/div><div class=\"separator  small center  \" style=\"margin-top:30px;margin-bottom:30px;background: -moz-linear-gradient(left, rgba(255,255,255,0) 13%, rgba(255,255,255,0.6) 50%, rgba(255,255,255,0) 87%);background: -webkit-gradient(linear, left top, right top, color-stop(13%,rgba(255,255,255,0)), color-stop(50%,rgba(255,255,255,0.6)), color-stop(87%,rgba(255,255,255,0)));background: -webkit-linear-gradient(left, rgba(255,255,255,0) 13%,rgba(255,255,255,0.6) 50%,rgba(255,255,255,0) 87%);background: -o-linear-gradient(left, rgba(255,255,255,0) 13%,rgba(255,255,255,0.6) 50%,rgba(255,255,255,0) 87%);background: -ms-linear-gradient(left, rgba(255,255,255,0) 13%,rgba(255,255,255,0.6) 50%,rgba(255,255,255,0) 87%);background: linear-gradient(to right, rgba(255,255,255,0) 13%,rgba(255,255,255,0.6) 50%,rgba(255,255,255,0) 87%);width:26%;\"><\/div>\n\n\t<div class=\"wpb_text_column wpb_content_element \">\n\t\t<div class=\"wpb_wrapper\">\n\t\t\t<h4 style=\"text-align: center;\"><span style=\"color: #ffffff;\">Welcome to our new and improved premium WordPress Theme<\/span><\/h4>\n\n\t\t<\/div> \n\t<\/div> <div class=\"separator  transparent center  \" style=\"margin-top:110px;margin-bottom:0px;\"><\/div>\n\n\t\t<\/div> \n\t<\/div> \n<\/div><\/div><\/section><div    class=\"vc_row wpb_row section vc_row-fluid grid_section\" style='background-color:#ffffff; padding-top:74px; padding-bottom:2px; text-align:left;'><div class=\" section_inner clearfix\"><div class='section_inner_margin clearfix'>\n\t<div class=\"vc_col-sm-12 wpb_column vc_column_container\">\n\t\t<div class=\"wpb_wrapper\">\n\t\t\t\n\t<div class=\"wpb_text_column wpb_content_element \">\n\t\t<div class=\"wpb_wrapper\">\n\t\t\t<h5 style=\"text-align: center;\">WELCOME TO NOUVEAU<\/h5>\n\n\t\t<\/div> \n\t<\/div> <div class=\"separator  transparent center  \" style=\"margin-top:21px;margin-bottom:0px;\"><\/div>\n\n\t<div class=\"wpb_text_column wpb_content_element \">\n\t\t<div class=\"wpb_wrapper\">\n\t\t\t<h4 style=\"text-align: center;\">Duis autem vel eum iriure dolor in hendrerit in vulputate velit esse molestie consequat,<\/h4>\n<h4 style=\"text-align: center;\">vel illum dolore eu feugiat nulla facilisis at vero eros et accumsan et iusto<\/h4>\n\n\t\t<\/div> \n\t<\/div> \n\t\t<\/div> \n\t<\/div> \n<\/div><\/div><\/div><div    class=\"vc_row wpb_row section vc_row-fluid grid_section\" style=' padding-top:80px; padding-bottom:79px; text-align:left;'><div class=\" section_inner clearfix\"><div class='section_inner_margin clearfix'>\n\t<div class=\"vc_col-sm-12 wpb_column vc_column_container\">\n\t\t<div class=\"wpb_wrapper\">\n\t\t\t<ul class=\"q_process_holder four_columns no_line\"><li class=\"q_process_outer\"><span class=\"q_process_inner\"><span class=\"q_process_inner2\" style=\"background-image: url(https:\/\/www.multiservicios.com.ar\/wp-content\/uploads\/2014\/03\/process_b_01.jpg);\"><span class=\"q_text_in_process\" style=\"color: #ffffff;\">01<\/span><\/span><\/span><div class=\"q_process_text_holder\"><h4 class=\"q_process_title\" style=\"\">Retina Ready Graphics<\/h4><p class=\"q_process_text\" style=\"\">A wonderful serenity has taken possession of my entire soul, like these sweet.<\/p><\/div><span class=\"line_between_process\" ><\/span><\/li><li class=\"q_process_outer\"><span class=\"q_process_inner\"><span class=\"q_process_inner2\" style=\"background-image: url(https:\/\/www.multiservicios.com.ar\/wp-content\/uploads\/2014\/03\/process_b_02.jpg);\"><span class=\"q_text_in_process\" style=\"color: #ffffff;\">02<\/span><\/span><\/span><div class=\"q_process_text_holder\"><h4 class=\"q_process_title\" style=\"\">Retina Ready Graphics<\/h4><p class=\"q_process_text\" style=\"\">A wonderful serenity has taken possession of my entire soul, like these sweet.<\/p><\/div><span class=\"line_between_process\" ><\/span><\/li><li class=\"q_process_outer\"><span class=\"q_process_inner\"><span class=\"q_process_inner2\" style=\"background-image: url(https:\/\/www.multiservicios.com.ar\/wp-content\/uploads\/2014\/03\/process_b_03.jpg);\"><span class=\"q_text_in_process\" style=\"color: #ffffff;\">03<\/span><\/span><\/span><div class=\"q_process_text_holder\"><h4 class=\"q_process_title\" style=\"\">Retina Ready Graphics<\/h4><p class=\"q_process_text\" style=\"\">A wonderful serenity has taken possession of my entire soul, like these sweet.<\/p><\/div><span class=\"line_between_process\" ><\/span><\/li><li class=\"q_process_outer\"><span class=\"q_process_inner\"><span class=\"q_process_inner2\" style=\"background-image: url(https:\/\/www.multiservicios.com.ar\/wp-content\/uploads\/2014\/03\/process_b_04.jpg);\"><span class=\"q_text_in_process\" style=\"color: #ffffff;\">04<\/span><\/span><\/span><div class=\"q_process_text_holder\"><h4 class=\"q_process_title\" style=\"\">Retina Ready Graphics<\/h4><p class=\"q_process_text\" style=\"\">A wonderful serenity has taken possession of my entire soul, like these sweet.<\/p><\/div><span class=\"line_between_process\" ><\/span><\/li><\/ul>\n\t\t<\/div> \n\t<\/div> \n<\/div><\/div><\/div><section   data-q_title=\"PARALLAX\"  data-speed=\"1\" class=\"parallax_section_holder \" style = \" height:437px; background-image:url('https:\/\/www.multiservicios.com.ar\/wp-content\/uploads\/2014\/04\/parallax_new.jpg');\"><div class=\"parallax_content left\"><div class='parallax_section_inner_margin clearfix'>\n\t<div class=\"vc_col-sm-12 wpb_column vc_column_container\">\n\t\t<div class=\"wpb_wrapper\">\n\t\t\t<div class=\"separator  transparent center  \" style=\"margin-top:138px;margin-bottom:0px;\"><\/div>\n<div class='testimonials_holder simple clearfix'><div class=\"testimonials with_control white_control testimonials_carousel\" style=\"\"><ul class=\"slides\"><li id=\"testimonials15528\" class=\"testimonial_content\"><div class=\"testimonial_content_inner\"><div class=\"testimonial_text_holder\"><div class=\"testimonial_text_inner\"><h4 style=\"color: #ffffff;\">El aprendizaje es un simple ap\u00e9ndice de nosotros mismos; dondequiera que estemos, est\u00e1 tambi\u00e9n nuestro aprendizaje<\/h4><h5 style=\"color: #ffffff;\">WILLIAM SHAKESPEARE<\/h5><\/div><\/div><\/div><\/li><li id=\"testimonials15527\" class=\"testimonial_content\"><div class=\"testimonial_content_inner\"><div class=\"testimonial_text_holder\"><div class=\"testimonial_text_inner\"><h4 style=\"color: #ffffff;\">En realidad las cosas verdaderamente dif\u00edciles son todo lo que la gente cree poder hacer a cada momento.<\/h4><h5 style=\"color: #ffffff;\">JULIO CORT\u00c1ZAR<\/h5><\/div><\/div><\/div><\/li><li id=\"testimonials14790\" class=\"testimonial_content\"><div class=\"testimonial_content_inner\"><div class=\"testimonial_text_holder\"><div class=\"testimonial_text_inner\"><h4 style=\"color: #ffffff;\">Las grandes ideas son aquellas de las que lo \u00fanico que nos sorprende es que no se nos hayan ocurrido antes.<\/h4><h5 style=\"color: #ffffff;\">NOEL CLARAS\u00d3<\/h5><\/div><\/div><\/div><\/li><li id=\"testimonials14789\" class=\"testimonial_content\"><div class=\"testimonial_content_inner\"><div class=\"testimonial_text_holder\"><div class=\"testimonial_text_inner\"><h4 style=\"color: #ffffff;\">It is better to lead from behind and to put others in front, especially when you celebrate victory when nice things occur.\nYou take the front line when there is danger. Then people will appreciate your leadership.<\/h4><h5 style=\"color: #ffffff;\">ROBERT FORD<\/h5><\/div><\/div><\/div><\/li><\/ul><\/div><\/div><div class=\"separator  transparent center  \" style=\"margin-top:138px;margin-bottom:0px;\"><\/div>\n\n\t\t<\/div> \n\t<\/div> \n<\/div><\/div><\/section>\n","protected":false},"excerpt":{"rendered":"","protected":false},"author":1,"featured_media":0,"parent":0,"menu_order":0,"comment_status":"open","ping_status":"open","template":"full_width.php","meta":{"footnotes":""},"_links":{"self":[{"href":"https:\/\/www.multiservicios.com.ar\/index.php\/wp-json\/wp\/v2\/pages\/16244"}],"collection":[{"href":"https:\/\/www.multiservicios.com.ar\/index.php\/wp-json\/wp\/v2\/pages"}],"about":[{"href":"https:\/\/www.multiservicios.com.ar\/index.php\/wp-json\/wp\/v2\/types\/page"}],"author":[{"embeddable":true,"href":"https:\/\/www.multiservicios.com.ar\/index.php\/wp-json\/wp\/v2\/users\/1"}],"replies":[{"embeddable":true,"href":"https:\/\/www.multiservicios.com.ar\/index.php\/wp-json\/wp\/v2\/comments?post=16244"}],"version-history":[{"count":0,"href":"https:\/\/www.multiservicios.com.ar\/index.php\/wp-json\/wp\/v2\/pages\/16244\/revisions"}],"wp:attachment":[{"href":"https:\/\/www.multiservicios.com.ar\/index.php\/wp-json\/wp\/v2\/media?parent=16244"}],"curies":[{"name":"wp","href":"https:\/\/api.w.org\/{rel}","templated":true}]}}